h = 3*d - 59. What is the remainder when k is divided by d?
9
Suppose 46 = x - 4*y, 35 = 5*y + 25. Calculate the remainder when 170 is divided by x.
8
Suppose -11675 = -26*h + h. What is the remainder when h is divided by 117?
116
Suppose -16 = -t - t. Let x(k) = 292*k + 7669. What is the remainder when x(-26) is divided by t?
5
Let b = 92 - 101. Let v(w) = -w**3 - 8*w**2 + 4*w - 26. What is the remainder when v(b) is divided by 7?
5
Let k be 4*(-3)/(-3 - 3). Suppose 4*s - 11 - 12 = -3*c, k*s - 28 = 4*c. What is the remainder when ((-5)/4)/((-2)/16) is divided by s?
2
Let z = 43 + -28. Suppose 352 = -0*b + 22*b. Suppose -b*h + 11*h + z = 0. What is the remainder when h is divided by 2?
1
Suppose -5*x = 5*n - 1171 - 1299, -x = -2. Let s = n - 446. Suppose -3*d + 52 = 16. Calculate the remainder when s is divided by d.
10
Suppose 1854 + 14346 = 40*u. Calculate the remainder when u is divided by 104.
93
Suppose 0 = -2*k, 0*d + k = -3*d + 6. Suppose -q - 23 = -i, d*i - 59 + 1 = -4*q. Calculate the remainder when (-5)/(5/2) + (-1519)/(-31) is divided by i.
22
Let p = -10523 + 10525. Suppose -2*z = 4*g - 10, -6*z + z - 20 = -5*g. Suppose -4 - 1 = -g*y - 2*w, -p*w = y + 1. What is the remainder when 13 is divided by y?
1
Let j(d) = 5*d**3 - 33*d**2 - 19*d + 91. Calculate the remainder when j(8) is divided by 362.
25
Let b be 453/6 - 5/(-10). Suppose -6*n + 308 + b = 0. What is the remainder when n is divided by 33?
31
Let z(p) = p**3 + 14*p**2 - 257*p + 2266. What is the remainder when z(9) is divided by 18?
16
Let q = 11847 - -22. What is the remainder when q is divided by 224?
221
Let o = -104 + 40. Let d = o + 22. Let k = -40 - d. Calculate the remainder when 6 is divided by k.
0
Suppose 13356 = 15*j + 471. Calculate the remainder when j is divided by 15.
4
Let i(h) = 57*h - 3145. What is the remainder when 580 is divided by i(56)?
16
Let y = 7217 + -7178. Let u(z) be the first derivative of -3*z**4/4 - z**3/3 - z**2 - 3*z + 1. What is the remainder when y is divided by u(-2)?
18
Let j(c) = 147*c - 3662. What is the remainder when j(26) is divided by 77?
6
Suppose -279 = -356*j + 353*j. Let a = 155 - j. Calculate the remainder when a is divided by 11.
7
Let j = 32 - 28. Suppose 800 = 20*k - j*k. Calculate the remainder when k is divided by 18.
14
Let p = 110 - 107. Suppose -4*k + 2 = -18, -p*f - k + 86 = 0. Calculate the remainder when f is divided by 17.
10
Let n(t) = -t**3 - 2*t**2 + 4*t + 14. Suppose -21*s + 132 = 237. What is the remainder when n(s) is divided by 19?
12
Let h be (3 + -1)/(((-99)/22)/(-9)). Let v(u) = -2*u**3 - 2. Calculate the remainder when (30/h)/((-159)/(-1060)) is divided by v(-2).
8
What is the remainder when 603 is divided by ((-41)/(2665/156))/(12/(-1000))?
3
Let b(k) = 2*k**3 - 3*k**2 + 2*k + 4. Let v be b(3). Let f = 3 + v. What is the remainder when f is divided by (-1 + 0)*0 + (-4 - -29)?
15
Let n = -167 - -189. Let l(k) = -8*k**3 - 2*k**2 + 3*k + 4. What is the remainder when l(-2) is divided by n?
10
Suppose 19*b - 611 = 6*b. Let j(y) = -y**2 + 5*y - 4. Let r be j(4). Suppose r = t - 6*t + 30. Calculate the remainder when b is divided by t.
5
Suppose 0 = -7*s + 862 - 344. Let q = -48 - -58. Calculate the remainder when s is divided by ((-448)/(-35))/(4/q).
10
Let d = -51 - -120. Calculate the remainder when d is divided by 64.
5
Let q = 401 - 659. Let y = 294 + -168. Calculate the remainder when y is divided by q/8*8/(-6).
40
Let x(n) = -13*n**3 + 4*n**2 + n - 3. Let j be ((-15)/(-6) - 3)*4 - 0. What is the remainder when x(j) is divided by 39?
37
Let l(p) = -12*p**2 - 134*p + 5. Let r = -801 + 790. Calculate the remainder when 66 is divided by l(r).
12
Suppose 8 = -u + 3*r, 2*u + 44*r - 49*r + 13 = 0. What is the remainder when 26 is divided by u?
0
Let r(z) = 4386*z - 92083. Suppose -5*p - 2*q - q = -646, -p + 137 = -2*q. Suppose p = 4*n - 201. Calculate the remainder when n is divided by r(21).
14
Suppose 2090 = 3*i + h, -22*i - 2*h = -24*i + 1388. What is the remainder when i is divided by 88?
80
Let t(r) = -r**2 - 7*r - 6. Let h be t(-5). Let w be (-42)/20 + (-26)/(-260). What is the remainder when ((-10)/h - w)*-94 is divided by 24?
23
Let z(m) = -9*m**3 - 12*m**2 + 19*m + 232. Calculate the remainder when 974 is divided by z(-5).
12
Calculate the remainder when (-268)/(-4)*-1*(-58 + 54) is divided by 134.
0
Suppose 51*u - 58*u + 126 = 0. Suppose 0 = -6*y + 57 + 3. What is the remainder when u is divided by y?
8
Suppose -57*b + 4*m - 14849 = -62*b, -14813 = -5*b + 2*m. Calculate the remainder when b is divided by 175.
165
Let u be 17 - (6/3 + -2). Suppose -5*g = -112 + u. Calculate the remainder when ((-2)/(-4))/(14*15/29820) is divided by g.
14
Let j = 10 + -8. Let q be (j/2)/((-17)/340). Calculate the remainder when 20 is divided by (-5)/q + (-11)/(-4) - -8.
9
Suppose 8 = 3*o - 1. Suppose -500 = -5*v - 0. What is the remainder when v is divided by (28/(-8) + o)*-52?
22
Let t(y) = y**3 - 14*y**2 + 15*y - 17. Let z be t(13). Let r(s) = s**3 - 8*s**2 - 7*s - 7. What is the remainder when 33 is divided by r(z)?
0
Let w(k) = 6*k + 1. Suppose -50*a + 58491 - 56091 = 0. What is the remainder when a is divided by w(4)?
23
Suppose x - 5*r = 4 - 6, 22 = x + r. Suppose -g - 23 = 5*y, 0 = -4*g + 14*y - x*y - 12. Let m = 27 + -18. What is the remainder when m is divided by g?
1
Let i(x) = -x**2 - 2 + 18 + x**3 - x - 7*x**2. What is the remainder when i(8) is divided by 4 - ((-1 - -2) + -1)?
0
Suppose -3368 = -37*a - 8*a - 578. Calculate the remainder when a is divided by 8/(1 + 4/(-6)).
14
Let q(t) = -t**2 - 49*t + 1687. Suppose -3*o - 15 = 0, -5*o - 48 = -5*p + 37. Calculate the remainder when q(23) is divided by p.
7
Let g(t) = -3*t**2 - 12*t + 60. Calculate the remainder when 4630 is divided by g(-6).
22
Let r(a) = 14*a - 188. Let b be r(14). Suppose 26*x - 27*x + b = 0. Let m(t) = -t**2 - 8*t + 6. What is the remainder when m(-7) is divided by x?
5
Let v be -13*(-96)/9 + 4/12. Suppose -b = -2*b - 3*c + 143, c = -b + v. Suppose -7*y = -5*y - 28. What is the remainder when b is divided by y?
11
Let s(n) = -9*n - 16. Let y = 710 + -622. What is the remainder when y is divided by s(-7)?
41
Let r be 1*3*(-6)/(-9). Suppose 0 = r*u + u. Suppose m - 32 = -u*t - 5*t, -31 = -m - 4*t. Calculate the remainder when m is divided by 5.
2
Let c = 48781 - 48765. Let k(l) = 34*l**2 - 3*l + 1. Calculate the remainder when k(2) is divided by c.
3
Suppose 65*p = 34*p + 93. Let i(b) = 37*b**2 + 8*b - 23. Calculate the remainder when i(p) is divided by 19.
11
Let v be 0/10 - (-3 + -10). Suppose -93 = 10*g - v*g. What is the remainder when 37 is divided by g?
6
Let i = 68 - -33. What is the remainder when i is divided by (-1078)/(-49) - (7/(-14) - (-45)/6)?
11
Suppose -h = 5*m - 641, -5*h - 39 = -m + 84. What is the remainder when 3965 is divided by m?
125
Suppose -23*l + 10*l + 903 = 8*l. What is the remainder when 166 is divided by l?
37
Suppose 7472*s - 7443*s - 94714 = 0. What is the remainder when 3273 is divided by s?
7
Suppose -3*n + 259 = 3*c - 413, -4*c + 5*n = -887. What is the remainder when 5572 is divided by c?
220
Suppose -4681 = -3*x + 10*g - 8*g, -3*g + 1564 = x. Calculate the remainder when x is divided by 47.
10
Suppose -6*s + 7 = -23. Suppose -s*h + 54 = 19. Let i(t) = t**2 - 29*t - 5. Calculate the remainder when i(30) is divided by h.
4
Suppose 67*g + 145 = 5*r + 72*g, -g = -5*r + 163. Calculate the remainder when 2141 is divided by r.
29
Calculate the remainder when 138 + 2 - (-22 - -27 - 9) is divided by 30.
24
Let m(j) = -93*j**2 - 13*j + 17. Let h be m(2). Let y = 17 + 9. Calculate the remainder when (-4)/18 - (-88)/(-216)*h is divided by y.
25
Calculate the remainder when 600 is divided by (-1196)/(-10) + (-7 - -6) - (-6)/15.
5
Let g(k) = 8*k + 28. Let y be g(-3). Suppose -5 = y*b - 61. Suppose -3*t + h + 4*h + 36 = 0, -t = -h - b. What is the remainder when 64 is divided by t?
13
Let a(y) = 39*y**3 - 11*y**2 + 2*y + 10. Let h(b) = -3*b**3 + b**2 - b. Let z(o) = a(o) + 6*h(o). What is the remainder when z(2) is divided by 9?
6
Suppose 2*k + 7 = -4*y + 57, 195 = 5*k - 4*y. Suppose -21 + k = 2*w. Calculate the remainder when 15 is divided by w.
1
Let r(o) = -o**2 + 41*o - 99. Let i be r(38). What is the remain